igit of k(q)?
4
Suppose 15431 + 27157 = 18*s. What is the tens digit of s?
6
Let l = 38 - -380. What is the units digit of l?
8
Suppose 6*w + 2*m = 2*w + 3082, 0 = 5*w + m - 3857. Let l = w + -517. What is the hundreds digit of l?
2
Let l(y) = -4*y**2 + 107*y - 31. What is the hundreds digit of l(21)?
4
Let y be -2 - 22*(-5 + 1). Suppose -5*u + 3*u + y = 0. What is the units digit of u?
3
Let o = -1383 + 6041. What is the thousands digit of o?
4
Suppose 0 = 11*q + 7276 - 29562. What is the units digit of q?
6
Suppose 24*f = 42118 + 13946. What is the tens digit of f?
3
Let w = -1532 + 2180. Let h = 955 - w. What is the units digit of h?
7
Suppose -w - 4*z = -4584, 21*w + 5*z = 18*w + 13787. What is the hundreds digit of w?
6
What is the hundreds digit of -15 + 359 - (-5)/((-20)/16)?
3
Suppose -5*z + 4*t + 45 = 0, -7*z + 8*z - 20 = 3*t. Suppose 14*w = 13*w + z. Suppose -w*p = -3*p - 36. What is the units digit of p?
8
Let t(i) be the first derivative of -i**2/2 - 4*i - 3. Let f be t(-4). Suppose 13 = -4*n + 4*v + 77, 3*n - v - 46 = f. What is the units digit of n?
5
Let o = -21 - -22. Let u(f) = -1. Let r(d) = -6*d + 10. Let t(x) = o*r(x) + 6*u(x). What is the units digit of t(-7)?
6
Let o(p) = p**3 + 8*p**2 + p + 8. Let q be o(-8). Suppose 4*w - 2*j = -q*j + 136, -3*j = 3*w - 120. What is the tens digit of w?
3
Let x(r) = -1 - 1 + 21*r + 2. Suppose -9*l + 4*l + 5 = 0. What is the units digit of x(l)?
1
Suppose -d = -2*d - 11. What is the units digit of 9/(-6) - (1 - d/(-2))?
3
Suppose 3*y - 3048 = 6*z - z, 0 = 5*y - 3*z - 5064. What is the thousands digit of y?
1
Suppose -3*i = i. Suppose i*n = -2*n. Suppose -5*h + 0*h - 3*g = -26, n = 5*h + 4*g - 23. What is the units digit of h?
7
Suppose -85 - 771 = -2*m. Suppose -2*j + m = 4*a, 4*a = 5*j + a - 1044. What is the units digit of j?
0
Let c(n) = -30*n - 157. What is the units digit of c(-23)?
3
Suppose -52*c - 6788 + 153116 = 0. What is the units digit of c?
4
Let c = 58 - -250. What is the units digit of c?
8
Let h be 4/26 + 35560/52. Suppose -g + h = 3*g. What is the tens digit of g?
7
Let t(i) = 2*i**2 + 4*i + 1. Let s be 1/((-3)/(-9 - -3)). Suppose 10 = -s*x - 2. What is the tens digit of t(x)?
4
Suppose -4*d - 48 = -16. Let m = 12 + d. Suppose -j + 3 = -m. What is the units digit of j?
7
Let c be (-3)/6*2*-2. Suppose -3*g - c*g = -800. What is the units digit of (6/15)/(4/g)?
6
Let y be 8/36*-6*9. Let a = y - 5. Let w = -15 - a. What is the units digit of w?
2
Suppose 0 = 3*f + 2*m - 51, -3*m = 3*f - 8*m - 51. Suppose -f*s - 332 = -21*s. What is the tens digit of s?
8
Suppose 4*f - 17695 = -3*v, 2*f + 168*v - 8837 = 163*v. What is the hundreds digit of f?
4
Suppose 23*h - 8*h + 285 = 0. Let s = h + 269. What is the hundreds digit of s?
2
What is the thousands digit of (-1 - -2452) + (-3)/3*-7?
2
Suppose -u - 3*j + 392 = 0, -5*u - j + 1949 = 3*j. What is the units digit of u?
9
Let m be 36/(-27)*222/4. Let w = m - -166. Suppose 0 = -4*h - 2*f + w, 5*f + 5 = h - 7. What is the units digit of h?
2
Let y(h) = -2*h + 2. Let t be y(1). Let u(p) = 2*p - 30. Let r be u(t). What is the tens digit of (-36)/r*170/4?
5
Suppose 15 = -7*q + 10*q. Suppose 2*d + 767 - 173 = 5*z, 588 = q*z + d. What is the hundreds digit of z?
1
Suppose -4*s = -7*o + 10*o - 5314, -o - 4*s + 1782 = 0. What is the units digit of o?
6
Let s(i) = -3*i**2 + 6. Let y be s(-5). Let c = 3 - y. Let f = c + -44. What is the units digit of f?
8
Let z be (-1)/2 + 178*(-57)/(-12). Suppose -3*i - 182 = -3*b - z, 5*b = -25. What is the units digit of i?
6
Let d(m) = -1248*m**3 - m**2 - 4*m - 3. What is the tens digit of d(-1)?
4
Let m(n) = 21*n - 9. Let w be m(2). Let b = 84 + w. What is the tens digit of b?
1
Let a(l) = l**3 + 18*l**2 + 21*l - 9. Let c(j) = -2*j**2 - 2*j - 16. Let z be c(0). What is the units digit of a(z)?
7
Let b(r) = -4. Let h(v) = 2*v. Let t(n) = -2*b(n) - 6*h(n). Let p be t(-6). Suppose 0*i = -4*i + p. What is the tens digit of i?
2
Suppose 59*u - 83*u + 2832 = 0. What is the hundreds digit of u?
1
Let g(t) = -t**3 - 5*t**2 + 6*t + 10. Let u be g(-6). Let q be 15/u - (-1)/2. Let k = q - -8. What is the units digit of k?
0
Let h = 61 + 5. Suppose -7*t + 6*t + h = 0. What is the units digit of t?
6
Suppose -225 = -7*m + 2*m - 2*g, 168 = 4*m + 4*g. Suppose 5*r - m - 185 = 2*d, -5*d = -3*r + 143. What is the units digit of r?
6
Let z = 25 - 11. Let p be 3/(-21) + (-54)/z. What is the tens digit of p/((-1)/8*2)?
1
Suppose -5*a = -5*t + 998 + 1152, -3*a + 1734 = 4*t. What is the tens digit of t?
3
Suppose 5*b - 143 - 132 = 0. Suppose 9 = 9*o - 12*o + 3*w, -6 = -2*w. Suppose b = -o*d + 5*d. What is the tens digit of d?
1
Let s = 24 + -10. Let p be (8/(-12))/(2/(-180)). Suppose -p = -5*j + 5*q + 25, -j + s = -2*q. What is the units digit of j?
0
Let b = 29 + -30. Let t be -2 + -1 + (-2 - b). What is the tens digit of (t - -2 - -38) + -3?
3
Suppose -2*a = -2161 + 599. What is the tens digit of a?
8
Let j = -1378 + 2446. What is the tens digit of j?
6
Suppose m - 3 + 5 = q, -5*q + 20 = 0. Let x(c) = 49*c - 9. What is the tens digit of x(m)?
8
Let z(i) be the third derivative of i**5/60 + i**4/8 + i**3/3 + 5*i**2. Let g be z(-3). Suppose -2*u = g*u - 28. What is the units digit of u?
7
Let g = -38 - -42. What is the tens digit of (0 - (-30 + g)) + 4?
3
Let d(n) = -5*n + 1. Let c(x) = -1. Let l(b) = -5*c(b) - d(b). Let z be l(-1). What is the tens digit of (98/6)/(z/(-3))?
4
Let x be 0*(0 + (-3)/6). Suppose x*r = 4*r - 36. What is the units digit of 24/r*156/16?
6
Suppose 8*r + 3*r = -r. Suppose r = 2*u - y - 332, -300 = -4*u + 4*y + 368. What is the hundreds digit of u?
1
Let w(i) = i**3 - 7*i**2 - 8*i. Let f be w(8). Let j be ((-6)/(f + -3))/(-2). What is the tens digit of (-42 + (2 - 2))/j?
4
Let p(n) = 16*n**2 + n - 17. What is the units digit of p(-8)?
9
What is the thousands digit of 2/(-2)*(-51310)/14 - -5?
3
Suppose -8*q = -6*q - 8. Suppose q*p + 40 = -p. What is the tens digit of (2 - 6/p)*24?
6
Let w = -79 - -478. What is the hundreds digit of w?
3
Suppose -2*q + 319 - 57 = 0. What is the hundreds digit of q?
1
Suppose 15*u - 2053 = 19967. What is the hundreds digit of u?
4
Let s(w) = 252*w - 50. What is the tens digit of s(9)?
1
Let u = 204 - -254. Suppose -86 = 4*k - u. What is the tens digit of k?
9
Let g = 38 - 106. Let x = -27 - g. What is the units digit of -1 - x*(3 + -4)?
0
Suppose 0 = -3*r + 203 + 427. Suppose -14*s + r = -9*s. What is the units digit of s?
2
What is the units digit of ((-592)/(-2))/((-52)/(-754))?
2
What is the hundreds digit of (-4 - (-591)/9)*3?
1
Let z = -586 + 304. Let f = -194 - z. Suppose 0*b = 4*b - f. What is the tens digit of b?
2
Let l = -59 - -59. Suppose l = 2*q + c + 51 - 151, -3*q - c + 150 = 0. What is the tens digit of q?
5
Suppose -n - 4 = -6. What is the units digit of (135/10 + 2)*n?
1
Let d(f) = 23*f**2 + f + 2. Let n be d(-1). Let r = n + -22. Suppose -r*s + 0*s = -3*z - 6, 0 = -z. What is the units digit of s?
3
Let s be -9*(2 - (-28)/(-12)). Suppose 4*b + 396 = -2*k, k + 104 = s*b + 401. What is the units digit of (-6655)/b - (-2)/(-9)?
7
Let t(r) = -6*r - 8. Let h be t(-6). Let y = h - 15. Suppose -y = -5*s + 4*s. What is the units digit of s?
3
Let h(g) = 16*g - 102. Let q be h(6). Let z(a) = -2 - a + 3*a - 3*a. What is the units digit of z(q)?
4
Let f = 10 + -6. Suppose -46 = -2*x + 4*q, -f = -0*q + 2*q. What is the tens digit of x?
1
Suppose -2*i - 2666 = -3*o - 3*i, -4446 = -5*o - 3*i. Suppose 5*c + o = 11*c. What is the hundreds digit of c?
1
Suppose -t + 5 = 2. What is the tens digit of -29*(6 - t)/(-3)?
2
Let y = 302 + -123. What is the tens digit of y?
7
Suppose 2 = 2*t - 6. Suppose -1 + 10 = -3*n. Let x = t - n. What is the units digit of x?
7
Let r = -345 - -955. Suppose -r = -4*i + 2*a, -2*i + 2*a - 9 + 315 = 0. What is the hundreds digit of i?
1
Let n(j) = -2*j + 10. Let a be n(0). Suppose 6*i + 1120 = a*i. What is the tens digit of i?
8
What is the tens digit of (1/(-2))/((-18)/(-72)) - -320?
1
Suppose 0 = -0*o + o - 261. Suppose 0 = -4*l - 49 + o. What is the units digit of l?
3
Suppose -15*r + 4495 - 1240 = 0. What is the hundreds digit of r?
2
Let g(x) = -2*x**3 + 7*x**2 - 7*x - 49. What is the hundreds digit of g(-5)?
4
Suppose 0 = -3*i - q + 6